1 - 100001100011000000?
-100001010001101101
In base 9, what is 13503 + -8542?
3851
In base 5, what is -20302041 + -10?
-20302101
In base 14, what is 235d + -14b3?
c8a
In base 9, what is -55331661 - -5?
-55331655
In base 7, what is 63252 + 423?
64005
In base 14, what is 27b8 + -1b71c?
-18d44
In base 12, what is -19a88 - -11911?
-8177
In base 6, what is 211532241 - -152?
211532433
In base 5, what is -143 + 31030120?
31024422
In base 10, what is 216528 + -32?
216496
In base 7, what is 332526443 + -14?
332526426
In base 15, what is -33124 - 30?
-33154
In base 3, what is 1021122000202001 + -2?
1021122000201222
In base 7, what is -634 - 46035?
-50002
In base 6, what is -121 - 131330540?
-131331101
In base 16, what is 5 + cc6d5c?
cc6d61
In base 15, what is 16b0b6 + -35b?
16ac5a
In base 2, what is 10100 - 100011010011010110000?
-100011010011010011100
In base 14, what is 856ab5 - -2?
856ab7
In base 10, what is -737 + -33322?
-34059
In base 5, what is -20331324321 - -2?
-20331324314
In base 15, what is -4 - 2e3301?
-2e3305
In base 11, what is -3 + 4310032?
431002a
In base 10, what is 7389103 + 33?
7389136
In base 7, what is -23 - -11525655?
11525632
In base 5, what is 301404140222 - -4?
301404140231
In base 4, what is -1211 - -12003303033?
12003301222
In base 13, what is 7b + 228bc?
2296a
In base 7, what is 1242665 + -216?
1242446
In base 5, what is -1441300024 + 31?
-1441244443
In base 8, what is -105 - -3220162?
3220055
In base 4, what is 200102003232 + 20?
200102003312
In base 16, what is -4 - 109021c?
-1090220
In base 10, what is 17268 + -2805?
14463
In base 8, what is 111675214 - 1?
111675213
In base 14, what is 229a003 + 18?
229a01b
In base 10, what is 1094 + -28464?
-27370
In base 12, what is 308 + -9498?
-9190
In base 7, what is -604613 + -31?
-604644
In base 10, what is -22861338 + 2?
-22861336
In base 10, what is 6 + -7136154?
-7136148
In base 3, what is -1210112202210 + -1121010?
-1210121100220
In base 4, what is -10 + -20001320002233?
-20001320002303
In base 15, what is 11139b + a2?
11144d
In base 5, what is -222322 - -131021?
-41301
In base 14, what is -339 - 19005?
-19340
In base 11, what is -272a576 - -8?
-272a569
In base 6, what is -4 + -25211423?
-25211431
In base 14, what is 6 + 1dc3661?
1dc3667
In base 11, what is -877 - -6383a?
62a73
In base 5, what is 33310000202 + -2?
33310000200
In base 11, what is 915 - -323394?
3241a9
In base 11, what is 853739 - -3a?
853778
In base 12, what is 68387596 - 0?
68387596
In base 15, what is 31 + -3b12b5?
-3b1284
In base 6, what is -30134314 + 3?
-30134311
In base 10, what is -28637261 - 5?
-28637266
In base 2, what is 1111110101001 - -1010110011?
10001001011100
In base 3, what is 202212120120001111 - 0?
202212120120001111
In base 16, what is 2c8716 + -1?
2c8715
In base 8, what is -142466 - -1057?
-141407
In base 14, what is 2a + 2037?
2063
In base 12, what is -7 + 136560?
136555
In base 8, what is -24135657 - -3?
-24135654
In base 9, what is -27 + 1544721?
1544683
In base 6, what is 10 - -545014524?
545014534
In base 9, what is 7584 + 2413?
11107
In base 7, what is 1103 + 11253645?
11255051
In base 5, what is -22100 + -4010301?
-4032401
In base 10, what is -6737161 + 15?
-6737146
In base 12, what is -426a7 - -71?
-42636
In base 3, what is 102221212 + -12011?
102202201
In base 8, what is -1 + 27577636?
27577635
In base 3, what is 20220 - -1220122012?
1220220002
In base 2, what is -111011111 - -100001011101001000101?
100001011100001100110
In base 6, what is -12105450 - 0?
-12105450
In base 4, what is 323031033323 + 12?
323031100001
In base 6, what is 3 + -1414511343?
-1414511340
In base 11, what is -4 + 600531a3?
6005319a
In base 12, what is -21b1 - -66683?
64492
In base 12, what is 2 - 67385498?
-67385496
In base 16, what is -b6b - -a00a?
949f
In base 3, what is -2201200022 + 201200?
-2200221122
In base 3, what is 11 + -10100022112220201?
-10100022112220120
In base 6, what is -12431545 - -30?
-12431515
In base 11, what is -16139115 - 2?
-16139117
In base 12, what is -75089525 + 2?
-75089523
In base 13, what is 4767470 + -5?
4767468
In base 15, what is 1 - a94bd?
-a94bc
In base 8, what is 4633052 + 2?
4633054
In base 13, what is 2 + -2118106?
-2118104
In base 14, what is -31d + -6934?
-6c53
In base 9, what is -1635 - 104537?
-106273
In base 9, what is 3 - -14700203?
14700206
In base 9, what is 13085 - -54150?
67245
In base 14, what is 856c - 96?
84b6
In base 14, what is -38 + -1a362?
-1a39a
In base 4, what is 11 - -3322320131323?
3322320132000
In base 6, what is 23313310424 + -3?
23313310421
In base 7, what is 4226 + -22365?
-15136
In base 12, what is b522b - 28?
b5203
In base 9, what is -5 - -738605?
738600
In base 13, what is 11499 - 32b?
1116b
In base 10, what is 1068 + 7293?
8361
In base 4, what is -11102333112 - 132?
-11102333310
In base 12, what is 4169770 + -4?
4169768
In base 11, what is 4 + -4539aa52?
-4539aa49
In base 16, what is -21f08dd8 + 3?
-21f08dd5
In base 13, what is -30 - -1abc37?
1abc07
In base 9, what is -231135 + 50?
-231075
In base 16, what is 9804888 + 5?
980488d
In base 6, what is 555 - 125523?
-124524
In base 16, what is -3 + -7f9ee9?
-7f9eec
In base 2, what is 1100101001110101 + -11101011110?
1100001100010111
In base 12, what is 1b6 - -326a?
3464
In base 13, what is -23871 - -3c?
-23832
In base 9, what is 73337218 - -37?
73337256
In base 4, what is -31 - -11220021230?
11220021133
In base 2, what is 1100100001100100 + 1000?
1100100001101100
In base 3, what is 1112 - -21200211110?
21200212222
In base 10, what is 910038 - -22?
910060
In base 9, what is 3354050 - 12?
3354037
In base 14, what is -1c84b + 1cd?
-1c65c
In base 8, what is 3 + 106765617?
106765622
In base 16, what is -885c0c - 3?
-885c0f
In base 16, what is 2ac4 - 104d?
1a77
In base 12, what is -40 + 4aab72?
4aab32
In base 3, what is -1211221 - 10002120010?
-10011102001
In base 9, what is 36010481 - 28?
36010452
In base 8, what is 54161163 + 32?
54161215
In base 13, what is -7c07 + 3a?
-7b9a
In base 9, what is 338747103 + 3?
338747106
In base 9, what is -6626 + -18316?
-26043
In base 8, what is 5 - 61432346?
-61432341
In base 14, what is 15630 + -ba95?
7979
In base 12, what is 89a5413 - 2?
89a5411
In base 14, what is -20 - -4d4b7?
4d497
In base 5, what is 3233 + -10104031?
-10100243
In base 14, what is -5b - -59d2?
5975
In base 10, what is -539 - -28106?
27567
In base 11, what is -1993905 - 7?
-1993911
In base 6, what is -4 - -324450332?
324450324
In base 14, what is 2 + -618a550?
-618a54c
In base 7, what is 4 - -13525054?
13525061
In base 14, what is 197a90 + 7c?
197b2c
In base 16, what is -4 - -53b4eef?
53b4eeb
In base 6, what is 55 - -31353215?
31353314
In base 4, what is -101010233022 - -3?
-101010233013
In base 11, what is 36410 - 1889?
34632
In base 12, what is 2321 + -154796?
-152475
In base 3, what is 2020202100 + -11111210?
2002020120
In base 3, what is -101222122011010001 + 11?
-101222122011002220
In base 12, what is -4 - 9614664?
-9614668
In base 11, what is 4 + -242a744?
-242a740
In base 13, what is -630 - -9953?
9323
In base 14, what is c52 + 742c?
8280
In base 11, what is -5 + 31a15332?
31a15328
In base 11, what is -22 - 106712?
-106734
In base 6, what is 15214523 - 1122?
15213401
In base 9, what is -11 + 4226725?
4226714
In base 10, what is 6653 + 13285?
19938
In base 9, what is 380810 - -35?
380845
In base 11, what is 0 - 75026975?
-75026975
In base 5, what is 20 + 1112312124?
1112312144
In base 3, what is 1022011221100 - -1000?
1022011222100
In base 8, what is 220343412 - -3?
220343415
In base 5, what is 40034013141 + -4?
40034013132
In base 5, what is 3210 + 1120242?
1124002
In base 16, what is -7d6f23 + -12?
-7d6f35
In base 4, what is 23 + -22010303103?
-22010303020
In base 2, what is -101001011100100 - 111111010111?
-110001010111011
In base 8, what is 235022 - -141?
235163
In base 16, what is -7 + -2f317b0?
-2f317b7
In base 10, what is -5 + 157640701?
157640696
In base 8, what is 444101 + 64?
444165
In base 12, what is -18a - -5a05b?
59a91
In base 11, what is 16 - -17087445?
17087460
In base 11, what is -8 + -336aa13?
-336aa20
In base 9, what is 1078 - -37273?
38362
In base 3, what is 22112022022 - 1111?
22112020211
In base 15, what is 49 + -11dad?
-11d64
In base 10, what is 47810 - -4849?
5265